)). Let a = 1 - f. Suppose -a = -j - 0*j. What is the tens digit of j?
1
Suppose 82324 - 8319 = 41*c. What is the units digit of c?
5
Suppose -16 - 12 = -7*w. Let i = 0 - -7. Suppose -w*x - 129 = -i*x. What is the tens digit of x?
4
Let o(d) = -d**2 - 13*d + 20. What is the units digit of o(-13)?
0
Suppose -q + 81 = -30. Let b = 166 - q. Suppose -5*w = -10*w + b. What is the tens digit of w?
1
Suppose -2*j = -934 - 0. What is the tens digit of j?
6
Let f(r) be the third derivative of -7*r**4/12 - r**3/2 + 2*r**2. Let v be f(-6). Let a = -42 + v. What is the units digit of a?
9
Suppose -4*y = -10*y + 18. Let v(q) = q**3 + 6*q**2 + 4*q + 1. Let z be v(-5). Suppose 2*g = -y*j + 4, -g = -3*j - 26 + z. What is the units digit of g?
8
Let x = 216 - 317. Let z = 206 + x. What is the units digit of z?
5
Suppose -j = 4*i + 3*j - 12004, -4*i + 3*j = -12039. What is the hundreds digit of i?
0
Suppose 25*p + 2*y + 3110 = 27*p, 1571 = p - 5*y. What is the units digit of p?
1
What is the tens digit of (-1)/((-3)/1044)*(-1)/(-3)?
1
Let t be (-15)/(-60) + 674/(-8). Let h = -71 - t. What is the tens digit of h?
1
Let t = 6 - -1217. What is the tens digit of t?
2
What is the units digit of 4574*(-6)/(-48)*4?
7
Let x(l) = -3*l + 1 - 11*l**2 + l**3 - 4 + l - 2*l**3. Suppose 5*m - 13 - 23 = u, 2*u = -2*m - 12. What is the units digit of x(u)?
9
What is the hundreds digit of (-1080 - -26)*1/(-2)?
5
Let h be (-4)/(-26) - (-954)/(-117). Let l = h - -11. Suppose 0 = f - l - 16. What is the tens digit of f?
1
Let g = 24 - 18. Let b(f) = f**3 - 4*f**2 - f + 12. What is the tens digit of b(g)?
7
Let p(u) = 126*u - 7. Let x be p(5). Suppose 5*b - x = -4*t - 180, -t - 185 = -2*b. What is the units digit of b?
1
Let k(v) = v**2 - 6*v + 31. Let o be k(5). Let h(b) = b**2 - 24*b + 4. What is the units digit of h(o)?
6
Let z = 547 + -287. Suppose -35*p + 31*p = z. What is the tens digit of p/(-2)*(-6)/(-5)?
3
Let r be 26/117 + 5530/(-18). Let f = r - -431. What is the units digit of f?
4
Suppose 0 = u - 19*u + 15534. What is the hundreds digit of u?
8
Let c = -1305 - -1985. What is the tens digit of c?
8
Let q = -3 - -1. Let n be -1 + q + 156/6. Suppose -2*r = -4*l + n + 37, -5*l + 97 = 3*r. What is the tens digit of l?
1
Let u be 224/(-36) + 2 + (-32)/18. What is the units digit of 69/(-2)*u/1?
7
Suppose 5*s = -4*t + 1350, -s + 2*t = -70 - 186. What is the hundreds digit of s?
2
Let b be (1 - -307)*(1 + 1). Suppose -5*r + 294 = -b. What is the units digit of r?
2
Suppose n = -3*l + 634, 3*n + 4*l - 409 - 1468 = 0. What is the tens digit of n?
1
Suppose -4*j = -r + 22, -2*j + 5 = 15. Suppose 0*s + r*s = 78. What is the tens digit of s?
3
Let y(w) = -w**3 + 7*w**2 + 2*w - 7. Let d be (-4 - -1*22)/1. Suppose 4*j + d = 5*r, j = 2*r + 3 - 12. What is the tens digit of y(r)?
4
Suppose -3 = -q - n, -2*n - 29 = -3*q - 2*q. Let m(o) = 5*o + 39. What is the tens digit of m(q)?
6
Suppose d - 128 = i - 5*i, 2*d + 5*i - 241 = 0. Let k = 28 + d. What is the units digit of k?
6
Let a = 848 - -126. What is the hundreds digit of a?
9
Let i(f) = -5*f**2 - 5*f - 2. Let p be i(-2). What is the units digit of (p/10)/((-1912)/(-960) + -2)?
4
Suppose -z + 0*z = 3*w + 260, -z + 268 = -3*w. Let v(c) = -c**3 + 15*c**2 - 6*c - 4. Let h be v(11). What is the tens digit of h/22 - 16/w?
1
Let n = -16 + 16. Suppose -4*w + 3*b + 164 = -33, -5*b - 15 = n. What is the units digit of w?
7
Suppose p - 78 = -b, 2*p + 3*p = 4*b - 294. What is the units digit of b - 0*(-2 + 1)?
6
Let f(a) be the first derivative of -14*a**2 - 43*a + 30. What is the hundreds digit of f(-7)?
1
Suppose 5*m - b - 1128 = 0, 3*m + 5*b - 2*b = 666. Suppose -3*i = -m - 117. What is the hundreds digit of i?
1
Let r = -68 + 26. Let h = 225 - r. What is the units digit of h?
7
Suppose 0 = 3*r - 3, -23 = -5*u + 2*r - 0. Suppose 5*k - 46 = 54. Suppose 4*q + k = u*q. What is the units digit of q?
0
Let m(p) = p**3 - 6*p**2 + 6*p - 5. Let r be m(5). Let k = -915 + 915. Suppose 4*g - 3*q - 17 = k, r = -g - 5*q - 4 - 9. What is the units digit of g?
2
Let f(a) = -71*a - 572. What is the hundreds digit of f(-13)?
3
Let h be (-4)/(2 + 0) - -269. Let s = -190 + h. What is the tens digit of s?
7
Let s be 36/(-16)*(14 + 2). Let w = -22 - -82. Let j = s + w. What is the units digit of j?
4
Let h be (-2 - -2)/(3 - -1). Suppose g + g - 156 = h. What is the units digit of g?
8
Suppose 3*h = 8*h - 6385. What is the units digit of h?
7
Let w(i) be the second derivative of -1/3*i**3 - 3*i**2 - 6*i + 0. What is the units digit of w(-6)?
6
Suppose 7*v - 18 = 16*v. What is the units digit of v + (0 + -8)/(-2) - -179?
1
Suppose -5*a + 7 = 3*h, -a = -11*h + 6*h + 21. What is the tens digit of (-372)/(-18)*(4/8 - a)?
3
Let m = -2304 + 3389. What is the thousands digit of m?
1
Let c = 16 + -13. Suppose -c*v = v + 3*b + 75, b - 71 = 4*v. Let m = 15 - v. What is the units digit of m?
3
Suppose -5752 = -34*f + 13662. What is the tens digit of f?
7
Suppose -r = -3*w + 4*r + 3580, -2*r = 3*w - 3587. What is the thousands digit of w?
1
Let m be (-6*8/32)/(6/(-8)). Suppose 0*k - m*k + 125 = r, 2*k + 2*r = 122. What is the tens digit of k?
6
Let g(v) = v + 4. Let d(m) = m + 5. Let z(j) = 3*d(j) - 2*g(j). Let c be z(12). Suppose 0 = -5*r - 3*u + 123, -r = -3*u - 2*u - c. What is the tens digit of r?
2
Let q be (2/4)/((-1)/(-2)). What is the tens digit of (-3)/(12/(-164)) - q?
4
Let n(l) = 2*l**2 + 5*l - 11. Let r be n(-6). Suppose -u = -31 - r. What is the units digit of u?
2
Let m(x) = x**2 - 59*x - 30. What is the tens digit of m(-14)?
9
Let f be (-49)/3*(-6)/2. Let n be ((-40)/16)/(1/2). Let k = f + n. What is the units digit of k?
4
Suppose 2*k = 3*v + 242, -k = -2*v - 73 - 48. What is the hundreds digit of k?
1
Suppose -d - 3*y + 4 - 19 = 0, 0 = 3*d - 5*y - 25. Suppose d = -4*j + 3*h - 1612, h + 1984 = -5*j - 3*h. What is the tens digit of (-1 - 0)/(10/j)?
4
Let j(l) = -l + 1. Let m(h) = h**3 + 10*h**2 + 17*h - 2. Let p be m(-8). Let y be j(p). Suppose 2*g = 75 + y. What is the units digit of g?
3
Suppose 47 = 3*b - 7. What is the hundreds digit of (-24)/b*(-87)/1?
1
Let x(q) = 4*q**2 + 4*q - 30. Let l be x(7). What is the hundreds digit of 8/(-2) + l + -3 + 0?
1
Let q(w) = -w**3 - 11*w**2 - 12*w - 17. Let d be q(-10). Suppose -331 = -5*t + g - 32, -d*t = 3*g - 165. What is the units digit of t?
9
Let l(d) = d**2 - 7*d - 13. Let p(x) = 3*x - 6. Let o be p(5). Let u be l(o). Suppose -2*h - 2*n = -24, -5*h + 70 = -0*h - u*n. What is the tens digit of h?
1
Let a = -240 + 440. What is the tens digit of a?
0
Let p = 1056 - 611. What is the units digit of p?
5
Let w(i) = 98*i**2 - 12*i + 27. What is the units digit of w(3)?
3
Suppose 2*t = -w + 4, -4*t = -0*w + 5*w - 8. What is the units digit of t/12 - (-1841)/42?
4
Let x(r) = -r + 14. Let a be x(11). Let l(j) = 4*j**3 - j**2 + 5*j - 9. What is the tens digit of l(a)?
0
Suppose 0 = -j + 5 - 3. Suppose -3*k - 37 = -j*o, 3*o + 3*k - 38 + 5 = 0. What is the units digit of o?
4
Suppose 24*g - 17595 = g. What is the hundreds digit of g?
7
What is the tens digit of 264/2 + 59 + -62?
2
Let o = -347 - -638. What is the units digit of o?
1
Let y(o) = 6*o**2 + 21*o - 24. Let d be y(8). Suppose -d + 2538 = 10*w. What is the hundreds digit of w?
2
Let w(o) = -o**3 - o**2 + 11*o + 21. What is the units digit of w(-11)?
0
Let z be -3*((-4)/(-6) - 2). Let h(w) = w + 6. Let x be h(z). Suppose -4*f - f + x = 0. What is the units digit of f?
2
Let n(a) = a**2 + 3*a + 5. Let m be n(-3). What is the tens digit of (-6)/2 + (59 - m)?
5
What is the tens digit of (6/(-4) + 3)*14656/24?
1
Suppose -15*j - 26 = 49. Let k = 191 + j. What is the hundreds digit of k?
1
Suppose 11*n = 7*n + 18712. What is the thousands digit of n?
4
Let j(x) = x**2 + 19*x - 57. What is the tens digit of j(-35)?
0
Let z(w) = -18*w**3 + 7*w**2 + 18*w - 4. What is the units digit of z(-3)?
1
Suppose 5*v - 5 = 20. Suppose 7*u = v*u + 34. What is the units digit of u?
7
Let h(z) = -z**3 + 8*z**2 - 7*z + 2. Let r be h(7). What is the units digit of (24/11 - r) + 8533/77?
1
Let r = -340 - -2188. Suppose 8*s = -0*s + r. What is the tens digit of s?
3
Suppose -3*d - 19*d + 52932 = 0. What is the tens digit of d?
0
Suppose -5*z = -2*d - 27, 0 = -5*z + 2*d - 3*d + 24. Let h = -